{"id":394,"date":"2025-08-04T12:03:57","date_gmt":"2025-08-04T10:03:57","guid":{"rendered":"https:\/\/lepoussinmasque.bzh\/?page_id=394"},"modified":"2025-09-04T12:07:12","modified_gmt":"2025-09-04T10:07:12","slug":"cheesecake","status":"publish","type":"page","link":"https:\/\/lepoussinmasque.bzh\/index.php\/cheesecake\/","title":{"rendered":"Cheesecake"},"content":{"rendered":"<p><img fetchpriority=\"high\" decoding=\"async\" src=\"http:\/\/lepoussinmasque.bzh\/wp-content\/uploads\/2025\/07\/TAN2496-683x1024.jpg\" sizes=\"(max-width: 683px) 100vw, 683px\" srcset=\"http:\/\/lepoussinmasque.bzh\/wp-content\/uploads\/2025\/07\/TAN2496-683x1024.jpg 683w, http:\/\/lepoussinmasque.bzh\/wp-content\/uploads\/2025\/07\/TAN2496-200x300.jpg 200w, http:\/\/lepoussinmasque.bzh\/wp-content\/uploads\/2025\/07\/TAN2496-768x1152.jpg 768w, http:\/\/lepoussinmasque.bzh\/wp-content\/uploads\/2025\/07\/TAN2496-1024x1536.jpg 1024w, http:\/\/lepoussinmasque.bzh\/wp-content\/uploads\/2025\/07\/TAN2496-1365x2048.jpg 1365w, http:\/\/lepoussinmasque.bzh\/wp-content\/uploads\/2025\/07\/TAN2496-1920x2880.jpg 1920w, http:\/\/lepoussinmasque.bzh\/wp-content\/uploads\/2025\/07\/TAN2496-1440x2160.jpg 1440w, http:\/\/lepoussinmasque.bzh\/wp-content\/uploads\/2025\/07\/TAN2496-1200x1800.jpg 1200w, http:\/\/lepoussinmasque.bzh\/wp-content\/uploads\/2025\/07\/TAN2496-780x1170.jpg 780w, http:\/\/lepoussinmasque.bzh\/wp-content\/uploads\/2025\/07\/TAN2496-600x900.jpg 600w, http:\/\/lepoussinmasque.bzh\/wp-content\/uploads\/2025\/07\/TAN2496-550x825.jpg 550w, http:\/\/lepoussinmasque.bzh\/wp-content\/uploads\/2025\/07\/TAN2496-370x555.jpg 370w, http:\/\/lepoussinmasque.bzh\/wp-content\/uploads\/2025\/07\/TAN2496-255x383.jpg 255w, http:\/\/lepoussinmasque.bzh\/wp-content\/uploads\/2025\/07\/TAN2496-scaled.jpg 1707w\" alt=\"\" width=\"683\" height=\"1024\" \/><\/p>\n<p>Cheesecake aux fruits du moment<\/p>\n<p>Individuel<\/p>\n<p>3,50 \u20ac<\/p>\n<p>6 personnes<\/p>\n<p>20 \u20ac<\/p>\n<p>8\/10 personnes<\/p>\n<p>26 \u20ac<\/p>\n<p style=\"text-align: left;\"><strong>Composition<\/strong> :<em> farine, beurre, \u0153ufs, sucre, \u00e9pices \u00e0 pain d&rsquo;\u00e9pices, fromage \u00e0 la cr\u00e8me, vanille, fruits du moment<\/em><\/p>\n<p><em>Disponible sous 48h.<\/em><\/p>\n<p><a role=\"button\" href=\"http:\/\/lepoussinmasque.bzh\/index.php\/contact\/\" target=\"_blank\" rel=\"noopener\"><br \/>\nCommander<br \/>\n<\/a><\/p>\n","protected":false},"excerpt":{"rendered":"<p>Cheesecake aux fruits du moment Individuel 3,50 \u20ac 6 personnes 20 \u20ac 8\/10 personnes 26 \u20ac Composition : farine, beurre, \u0153ufs, sucre, \u00e9pices \u00e0 pain d&rsquo;\u00e9pices, fromage \u00e0 la cr\u00e8me, vanille, fruits du moment Disponible sous 48h. Commander<\/p>\n","protected":false},"author":1,"featured_media":372,"parent":0,"menu_order":0,"comment_status":"closed","ping_status":"closed","template":"","meta":{"tinysalt_hide_before_page_content_ad":"","tinysalt_hide_after_page_content_ad":"","tinysalt_hide_page_header":"","tinysalt_advanced_classname":"","tinysalt_page_featured_media_position":"","tinysalt_single_site_header_source":"","tinysalt_single_custom_site_header":"0","tinysalt_single_custom_sticky_site_header":"0","tinysalt_single_custom_sticky_site_header_style":"sticky-scroll-up","tinysalt_single_site_footer_source":"","tinysalt_single_custom_site_footer":"0","footnotes":""},"class_list":["post-394","page","type-page","status-publish","has-post-thumbnail","hentry"],"_links":{"self":[{"href":"https:\/\/lepoussinmasque.bzh\/index.php\/wp-json\/wp\/v2\/pages\/394","targetHints":{"allow":["GET"]}}],"collection":[{"href":"https:\/\/lepoussinmasque.bzh\/index.php\/wp-json\/wp\/v2\/pages"}],"about":[{"href":"https:\/\/lepoussinmasque.bzh\/index.php\/wp-json\/wp\/v2\/types\/page"}],"author":[{"embeddable":true,"href":"https:\/\/lepoussinmasque.bzh\/index.php\/wp-json\/wp\/v2\/users\/1"}],"replies":[{"embeddable":true,"href":"https:\/\/lepoussinmasque.bzh\/index.php\/wp-json\/wp\/v2\/comments?post=394"}],"version-history":[{"count":13,"href":"https:\/\/lepoussinmasque.bzh\/index.php\/wp-json\/wp\/v2\/pages\/394\/revisions"}],"predecessor-version":[{"id":646,"href":"https:\/\/lepoussinmasque.bzh\/index.php\/wp-json\/wp\/v2\/pages\/394\/revisions\/646"}],"wp:featuredmedia":[{"embeddable":true,"href":"https:\/\/lepoussinmasque.bzh\/index.php\/wp-json\/wp\/v2\/media\/372"}],"wp:attachment":[{"href":"https:\/\/lepoussinmasque.bzh\/index.php\/wp-json\/wp\/v2\/media?parent=394"}],"curies":[{"name":"wp","href":"https:\/\/api.w.org\/{rel}","templated":true}]}}