{"id":473,"date":"2025-08-04T17:12:44","date_gmt":"2025-08-04T15:12:44","guid":{"rendered":"https:\/\/lepoussinmasque.bzh\/?page_id=473"},"modified":"2025-09-04T12:11:26","modified_gmt":"2025-09-04T10:11:26","slug":"caramel-au-beurre-sale","status":"publish","type":"page","link":"https:\/\/lepoussinmasque.bzh\/index.php\/caramel-au-beurre-sale\/","title":{"rendered":"Caramel au beurre sal\u00e9"},"content":{"rendered":"<p><img fetchpriority=\"high\" decoding=\"async\" src=\"http:\/\/lepoussinmasque.bzh\/wp-content\/uploads\/2025\/08\/20250828_102223-2-768x1024.jpg\" sizes=\"(max-width: 768px) 100vw, 768px\" srcset=\"http:\/\/lepoussinmasque.bzh\/wp-content\/uploads\/2025\/08\/20250828_102223-2-768x1024.jpg 768w, http:\/\/lepoussinmasque.bzh\/wp-content\/uploads\/2025\/08\/20250828_102223-2-225x300.jpg 225w, http:\/\/lepoussinmasque.bzh\/wp-content\/uploads\/2025\/08\/20250828_102223-2-1152x1536.jpg 1152w, http:\/\/lepoussinmasque.bzh\/wp-content\/uploads\/2025\/08\/20250828_102223-2-1536x2048.jpg 1536w, http:\/\/lepoussinmasque.bzh\/wp-content\/uploads\/2025\/08\/20250828_102223-2-scaled.jpg 1920w, http:\/\/lepoussinmasque.bzh\/wp-content\/uploads\/2025\/08\/20250828_102223-2-1440x1920.jpg 1440w, http:\/\/lepoussinmasque.bzh\/wp-content\/uploads\/2025\/08\/20250828_102223-2-1200x1600.jpg 1200w, http:\/\/lepoussinmasque.bzh\/wp-content\/uploads\/2025\/08\/20250828_102223-2-780x1040.jpg 780w, http:\/\/lepoussinmasque.bzh\/wp-content\/uploads\/2025\/08\/20250828_102223-2-600x800.jpg 600w, http:\/\/lepoussinmasque.bzh\/wp-content\/uploads\/2025\/08\/20250828_102223-2-550x733.jpg 550w, http:\/\/lepoussinmasque.bzh\/wp-content\/uploads\/2025\/08\/20250828_102223-2-370x493.jpg 370w, http:\/\/lepoussinmasque.bzh\/wp-content\/uploads\/2025\/08\/20250828_102223-2-255x340.jpg 255w\" alt=\"\" width=\"768\" height=\"1024\" \/><\/p>\n<p style=\"text-align: center;\">L&rsquo;incontournable caramel au beurre sal\u00e9. Pot de 190g<\/p>\n<p style=\"text-align: left;\"><strong>Composition<\/strong> :<em>sucre, beurre sal\u00e9, cr\u00e8me, fleur de sel<\/em><\/p>\n<p>4,00 \u20ac<\/p>\n<p><em>Disponible sous 48h.<\/em><\/p>\n<p><a role=\"button\" href=\"http:\/\/lepoussinmasque.bzh\/index.php\/contact\/\" target=\"_blank\" rel=\"noopener\"><br \/>\nCommander<br \/>\n<\/a><\/p>\n","protected":false},"excerpt":{"rendered":"<p>L&rsquo;incontournable caramel au beurre sal\u00e9. Pot de 190g Composition :sucre, beurre sal\u00e9, cr\u00e8me, fleur de sel 4,00 \u20ac Disponible sous 48h. Commander<\/p>\n","protected":false},"author":1,"featured_media":512,"parent":0,"menu_order":0,"comment_status":"closed","ping_status":"closed","template":"","meta":{"tinysalt_hide_before_page_content_ad":"","tinysalt_hide_after_page_content_ad":"","tinysalt_hide_page_header":"","tinysalt_advanced_classname":"","tinysalt_page_featured_media_position":"","tinysalt_single_site_header_source":"","tinysalt_single_custom_site_header":"0","tinysalt_single_custom_sticky_site_header":"0","tinysalt_single_custom_sticky_site_header_style":"sticky-scroll-up","tinysalt_single_site_footer_source":"","tinysalt_single_custom_site_footer":"0","footnotes":""},"class_list":["post-473","page","type-page","status-publish","has-post-thumbnail","hentry"],"_links":{"self":[{"href":"https:\/\/lepoussinmasque.bzh\/index.php\/wp-json\/wp\/v2\/pages\/473","targetHints":{"allow":["GET"]}}],"collection":[{"href":"https:\/\/lepoussinmasque.bzh\/index.php\/wp-json\/wp\/v2\/pages"}],"about":[{"href":"https:\/\/lepoussinmasque.bzh\/index.php\/wp-json\/wp\/v2\/types\/page"}],"author":[{"embeddable":true,"href":"https:\/\/lepoussinmasque.bzh\/index.php\/wp-json\/wp\/v2\/users\/1"}],"replies":[{"embeddable":true,"href":"https:\/\/lepoussinmasque.bzh\/index.php\/wp-json\/wp\/v2\/comments?post=473"}],"version-history":[{"count":11,"href":"https:\/\/lepoussinmasque.bzh\/index.php\/wp-json\/wp\/v2\/pages\/473\/revisions"}],"predecessor-version":[{"id":652,"href":"https:\/\/lepoussinmasque.bzh\/index.php\/wp-json\/wp\/v2\/pages\/473\/revisions\/652"}],"wp:featuredmedia":[{"embeddable":true,"href":"https:\/\/lepoussinmasque.bzh\/index.php\/wp-json\/wp\/v2\/media\/512"}],"wp:attachment":[{"href":"https:\/\/lepoussinmasque.bzh\/index.php\/wp-json\/wp\/v2\/media?parent=473"}],"curies":[{"name":"wp","href":"https:\/\/api.w.org\/{rel}","templated":true}]}}